t m(x) = -x**3 + 13*x**2 + 2. Is 2 a factor of m(l)?
True
Let a(h) = h**2 + 2*h + 4. Let q be a(-2). Suppose q*c - 22 = -2. Suppose -c*s + 54 + 137 = 3*w, 62 = w + 2*s. Does 17 divide w?
False
Let y be (-3 - 81)/(2 + -3). Suppose 4*d = 2*d + y. Is d a multiple of 6?
True
Suppose w - 956 = -3*x + 117, -2*x = 10. Is w a multiple of 18?
False
Let u be 4 - ((-7788)/14 - 2/(-7)). Suppose 3*m - u = -m. Is 16 a factor of m?
False
Let r be ((-3)/2)/(6/960*8). Let a = r + 66. Is 12 a factor of a?
True
Let s(y) = 29*y**2 + y. Let i be s(1). Let l be 10/(-75) + 334/i. Let t = l - 8. Is 2 a factor of t?
False
Is (-198870)/(-462) + 12/22 a multiple of 17?
False
Is 5 - 77/(168/35 + -5) a multiple of 26?
True
Let y(q) = 3*q**2 + 25*q - 13. Let c be y(-9). Let t(u) = -6. Let s(p) = p - 23. Let n(d) = 2*s(d) - 9*t(d). Does 9 divide n(c)?
True
Let u(n) be the first derivative of 2*n**2 - n - 1. Is 7 a factor of u(2)?
True
Let t = 13221 + -8004. Is t a multiple of 47?
True
Suppose -33 = 4*z + 31. Is z/(-64) - (-198)/8 a multiple of 25?
True
Let j(f) = -220*f - 182. Does 13 divide j(-4)?
False
Suppose -f = -2*f + 3*y + 17, 1 = y. Suppose -60 = -q + f. Does 44 divide q?
False
Let q(d) be the first derivative of d**3/3 + 7*d**2/2 - 8*d + 3. Let j be q(-6). Does 17 divide (j - 2)/(4/(-22))?
False
Let a = 24 + -17. Suppose -4*d - 132 = -a*d. Is 22 a factor of d?
True
Suppose 1082 = -5*r + 6227. Is 9 a factor of r?
False
Suppose 0 = 4*l - 16, 3*z - 2*l - 21 = -5*l. Let v(f) = -3*f**2 + 4*f. Let w be v(z). Let b = w + 25. Does 5 divide b?
True
Let s = -59 - -58. Is (-26 + -7)*(s - 0) a multiple of 2?
False
Let q(b) = -b - 3. Let d be q(5). Does 9 divide (-258)/(-4) + d/(-16)?
False
Let o be (-57)/15 + 4/(-20). Is 24 a factor of (441/(-7))/(6/o)?
False
Let v be ((-3954)/(-13) - (-18)/(-117)) + 3. Suppose -5*d + 1048 = -v. Does 21 divide d?
False
Suppose 2*o = 4*o + 160. Is 16 a factor of -1 - (o - 2/2)?
True
Suppose 17*v - 585 = 4*v. Does 9 divide v?
True
Let s(n) = n**3 - 8*n**2 + 22*n - 41. Does 25 divide s(8)?
False
Let f(s) be the second derivative of -s**5/20 - s**4/12 - s**3/3 - 2*s**2 + s. Let h(o) = o**3 - 40*o**2 + 75*o + 34. Let c be h(38). Is f(c) a multiple of 14?
False
Let d be ((-2)/(-8)*4 - 205)*-1. Suppose -h = -2*a + d, -3*a + 3*h - h = -306. Is 15 a factor of a?
False
Let r = 98 - 97. Is 8 a factor of (-11)/((-440)/736)*(4 + r)?
False
Let l(s) = s**3 + s**2 + s + 15. Let a be 296/12 - (-1)/3. Let z = -25 + a. Is l(z) a multiple of 3?
True
Let d(c) = c**2 - c - 1. Let r(o) = -3*o**2 + 4*o + 12. Let h(l) = -2*d(l) - r(l). Let z be h(8). Suppose 3*s - z - 13 = 0. Is 8 a factor of s?
False
Let l(x) = 11*x**2 + x + 3. Let d be l(-2). Suppose 0 = -3*f - 0*i - i - 95, -3*i = -f - d. Let y = f + 55. Does 22 divide y?
True
Suppose -c - 3*h + 398 = 0, -c + 200 + 210 = -h. Does 21 divide c?
False
Suppose -4*r + 5 = 4*w - 3, -5*w + 2 = -3*r. Suppose -g - r = -0. Is (-32)/g - (-2 + 0) a multiple of 17?
True
Let o = -206 - -281. Let i be (-3)/2*(-20)/3. Is 10 a factor of (-45)/o + 226/i?
False
Let u be 5/(-1 + 32/12). Suppose 0 = t + u*t - 136. Does 17 divide t?
True
Is 1/4 - (-2)/16*862 a multiple of 18?
True
Let t(i) = -i**3 - 30*i**2 - 14*i + 36. Does 8 divide t(-30)?
True
Let g be (-12)/(-8)*(-4)/(-6 + 4). Suppose g*h - 39 = o, 5*h + 4*o - 52 = h. Is h even?
False
Let x(d) = 22*d**3 - 7*d**2 + 11*d - 15. Is x(4) a multiple of 67?
False
Let l(s) = 5*s - 8. Let t(x) = 4*x - 7. Let v(y) = -3*l(y) + 4*t(y). Let j be v(5). Is 17*(2 - j) - 1 a multiple of 7?
False
Let f(o) = -6*o**3 + o**2 + 3*o + 41. Does 79 divide f(-5)?
False
Let l be (-3343)/(-5) - (-12)/30. Let r = -440 + l. Is r a multiple of 57?
False
Let f(y) = -y - 4. Let i be f(0). Is 6 a factor of (-2)/i*3*16?
True
Suppose -12 = -8*j + 12. Let o be (40/(-6))/(4/(-78)). Suppose -w - 5*x = -j, -2*x + o = -0*w + 5*w. Is 14 a factor of w?
True
Let h(i) = -14*i + 7. Let j be h(-7). Suppose -2*w + 137 = -p, -4*p - j - 98 = -3*w. Is 22 a factor of w?
False
Suppose 0 = -22*x + 1819 + 3879. Is x a multiple of 14?
False
Suppose -w = 3*w - 8. Let g(y) = -w*y + 6 - 12*y - 16. Does 30 divide g(-5)?
True
Let h(y) = -y**2 - y - 40. Let i(t) = -2*t**2 - t - 1. Let u(c) = h(c) - i(c). Is 18 a factor of u(14)?
False
Let t(f) = 6*f - 9. Let b be t(13). Suppose 5*r + 4*w - 148 = 0, 0 = -2*r - w - 8 + b. Does 12 divide r?
False
Let t = -179 - -191. Does 2 divide t?
True
Let c(y) = y**2 - y - 5. Let i be c(4). Suppose i*j = 6*j. Suppose j*g + 2*s - 31 = -3*g, 0 = 2*g - 2*s - 34. Does 4 divide g?
False
Let k = -4 - -8. Suppose -k*n - 4 + 20 = 0. Suppose 2*p - 2*j = n*p - 60, -j + 61 = 2*p. Is 11 a factor of p?
False
Suppose -2*a + 175 + 7 = 0. Suppose 19 = -6*f + a. Does 9 divide f?
False
Let i = 9 - 7. Let o be (-24)/(i - 4/8). Let u = o - -39. Is u a multiple of 20?
False
Let d = -341 + 476. Is d a multiple of 2?
False
Let x(f) = 8*f**2 - 83*f - 2. Is 86 a factor of x(15)?
False
Let s = -30 + 29. Does 7 divide -8*(s + (-125)/20)?
False
Is 14 a factor of 18/72 + (-2 - (-6942)/8)?
False
Suppose -s - 3*s = 3*m - 5116, m - 2560 = -2*s. Is 71 a factor of s?
False
Let x(z) = z**3 + 5*z**2 + 10*z + 1. Let i be x(-7). Let k = 62 + i. Is k/(-5)*(-2)/(-6) a multiple of 3?
False
Suppose -4*j = -5*y + 738, j - 232 = -y - 79. Let m = -85 + y. Does 12 divide m?
False
Let p(u) = u**3 + 7*u**2 - 23*u + 44. Is 105 a factor of p(11)?
False
Let s = 337 + -227. Let i = 170 - s. Is i a multiple of 8?
False
Is ((-168)/8)/(-7) - -102 a multiple of 13?
False
Let u(j) be the second derivative of -j**5/20 - j**4/2 - j**3/6 + 5*j**2/2 - 5*j. Let n be u(-3). Let b = n - -30. Is 2 a factor of b?
False
Does 19 divide ((-728)/35)/(4/(-70))?
False
Let u(h) = h**3 + 10*h**2 - h + 9. Is u(-8) a multiple of 5?
True
Let t(h) = h**3 + 24*h**2 + 36*h + 125. Does 14 divide t(-9)?
False
Is 5*(-8)/(-200) + (-1648)/(-10) a multiple of 11?
True
Let r(f) = -4*f**3 - 3*f**2 - 4*f - 2. Let t be r(-2). Let u = t - -41. Suppose 5*x - 218 = -4*y, 0 = -3*x + 5*y + u + 49. Is 21 a factor of x?
True
Let a be (0 + -1)/(527/528 + -1). Suppose 0 = 2*l + 6*l - a. Is 3 a factor of l?
True
Suppose 0 = -5*g + 34*g - 34220. Is g a multiple of 18?
False
Suppose -6*d - 207 = -1941. Is 41 a factor of d?
False
Suppose y - 6*y = 5*n + 75, -5*y - 4*n = 71. Let k = y - -20. Let f = 16 + k. Is f a multiple of 5?
True
Suppose -11 + 116 = 5*s. Suppose 4*f - 5 = -s, 4*g = 2*f + 4. Is 4 a factor of 3/g - (-22 - 6)?
False
Suppose 6*o = o. Suppose -4*c + 4*p - 17 = 39, o = 4*c + p + 41. Let u = 36 + c. Is 4 a factor of u?
False
Let h(q) = q**3 - 13*q**2 + 16*q - 4. Let p be h(13). Suppose z + 3*g - 70 = -0*z, 3*z + 3*g = p. Is 14 a factor of z?
False
Suppose -5*b - 2*x + 488 = 0, 4*b + 27*x - 22*x = 404. Does 16 divide b?
True
Let p(z) = -19 + 27 + 2*z**2 + 6*z + 2*z - 15. Does 6 divide p(-7)?
False
Let f be ((-69)/9)/((-3)/9). Let w = f + -39. Let g = 52 + w. Is g a multiple of 18?
True
Let f = 25 - 1. Let q be (-62)/6 + 8/f. Does 15 divide q/(-4)*18*1?
True
Let h be ((-130)/39)/(4/6). Does 13 divide (-292)/((-10)/4 - h/10)?
False
Let g be -4 - -1 - 0 - -23. Suppose 0 = -2*m - 0*m - g. Is (m/15)/((-4)/318) a multiple of 16?
False
Let u(b) = 2*b + 4. Let v be u(-5). Let i be 57/18 + 1/v. Suppose -4*q + i = 2*w - 39, 0 = 4*w - 3*q - 117. Is 23 a factor of w?
False
Suppose r - 1 - 3 = 0. Does 6 divide (1 - r) + 3 - -31?
False
Let a(d) = 23*d**2 + 8*d**2 - 1 - 2 - 7*d - 3. Does 7 divide a(-1)?
False
Let q(z) = z**3 + 11*z**2 + 10*z + 8. Let u = 7 + -15. Let x be q(u). Suppose x = 4*i + 32. Is i a multiple of 6?
False
Let x(u) = -u**3 - 16*u**2 - 29*u - 19. Let b be x(-14). Let k(l) = -11*l + 5. Is 10 a factor of k(b)?
True
Let s(m) = m**3 + 4*m**2 + 3*m + 3. Let w be s(-3). Suppose 4*p = 23 - w. Suppose 90 = p*r - 0*r. Is r a multiple of 6?
True
Let u(z) be the first derivative of -23*z**4 + z**2 + z - 1. Let s be u(-1). Does 13 divide (-1*2)/((-14)/s)?
True
Let g = -62 + 112. Let r(v) = -v**2 - 21*v - 6. Let w be r(-11). Let f = w - g. Does 13 divide f?
False
Suppose 0 = 5*s - 5*c + 10, 2 = -5*s - 4*c + 19. Does 17 divide (-4)/((-32)/1090) + s/(-4)?
True
Suppose 0 = -s - s + 98. Does 13 divide s?
False
Suppose 6*o = 3*o + 315. Let b = o - 5. Let f = b - 21. Does 17 divide f?
False
Suppose 3*k = 10